f + 5*g, -2*f + 5*g + 1985 = -1953. List the prime factors of f.
3, 653
Suppose 0 = -t - t. Let r(k) = 4*k - 1 + 0*k - 2*k + t. What are the prime factors of r(10)?
19
Let s be (0 + 2)/(2/(-11)). Let c = s - -14. Let i = 18 - c. What are the prime factors of i?
3, 5
Let j(u) = u**3 - 6*u**2 - 3*u - 14. Let t be j(7). Suppose 0 = 3*h + 5*l - 200, t = 3*l + 2. List the prime factors of h.
2, 3, 5
Let u be (0 + 2 - -4) + (-3 - 0). Suppose 2 = q - u*j - 31, 2*q - 2*j = 66. List the prime factors of q.
3, 11
Let i = -584 + 1098. What are the prime factors of i?
2, 257
Let r(w) = -250*w**3 + 2*w**2 - 2. What are the prime factors of r(-1)?
2, 5
Suppose 2 = -n + 10. What are the prime factors of n/(-28) + (-3051)/(-21)?
5, 29
Suppose -47 = -5*n - 3*m, 3*m - 2 = n + 3. Let u(j) = -j + 7. Let l be u(n). Let q = l + 14. List the prime factors of q.
2, 7
Suppose 3052 = -9*v + 16*v. What are the prime factors of v?
2, 109
Let u = 3620 - 2108. List the prime factors of u.
2, 3, 7
Suppose 188 + 1 = -3*r. Suppose -4*b = -2*t - 182, -5*b - 19 = 2*t + 163. Let m = r - t. List the prime factors of m.
2, 7
Let x(q) = 5*q**2 + q - 34. What are the prime factors of x(8)?
2, 3, 7
Let n be (15/(-25))/(2/(-20)). Suppose -q + 14 - n = 0. What are the prime factors of q?
2
Let p(c) = 44*c**3 + c**2 + c - 1. Suppose 0 = g - 5 + 4. What are the prime factors of p(g)?
3, 5
Suppose -4*l = 4*u - 12, -l + 0*u + 2*u - 3 = 0. Let j = 788 + -721. Suppose -4*h + l = -j. List the prime factors of h.
17
Let u(m) = -4*m**3 + 14*m**2 + 10*m - 10. Let d(v) = -5*v**3 + 15*v**2 + 11*v - 9. Let t(n) = -5*d(n) + 6*u(n). List the prime factors of t(-6).
3, 7
Let o(x) = 7*x + 9. Let j be o(4). Suppose 0 = -0*s - s + j. Suppose -c - 4 = -s. List the prime factors of c.
3, 11
Suppose 9*v - 225 = 7*v - z, -2*v + 229 = -3*z. Suppose v + 385 = 3*l. List the prime factors of l.
2, 83
Suppose 2*f = 3*f - 4*b - 27, -3*b + 43 = 2*f. List the prime factors of ((0 - -3) + 4)*f.
7, 23
List the prime factors of (5631 + 0)*(104/(-12) - -9).
1877
Let j be 2/(0 + (-4)/(-6)). Suppose 0 = -3*w, -11 = -3*n - j*w + 4. List the prime factors of n*1*24/5.
2, 3
Let m = 11 + -7. Let w(q) = -11*q - 2. Let v(c) = 13*c + 4. Let n(r) = -3*v(r) - 4*w(r). List the prime factors of n(m).
2
Let p be (-14)/(-4)*(3 + 1). Let r = 5 - p. What are the prime factors of (-3)/r*(156 - 3)?
3, 17
What are the prime factors of (-29015)/(-7) - 0*(-5)/20?
5, 829
Suppose 13*a = -5*l + 8*a + 9865, -3*l = -a - 5911. What are the prime factors of l?
3, 73
Suppose c - 24 = -4*j + 222, -2*c + 4*j = -432. Suppose c = 2*k - 108. List the prime factors of k.
167
List the prime factors of 31902/54 + (-6)/(-27).
3, 197
Suppose i - 3473 = 4*n, 0*i + 4*i - 2*n - 13850 = 0. What are the prime factors of i?
3461
Let s(n) be the first derivative of -9*n**2 - 2*n + 13. What are the prime factors of s(-1)?
2
Suppose 7 = -l - 6. Let p = 32 - l. What are the prime factors of p?
3, 5
Let n = -5 + 7. Suppose -2*a + a = -60. List the prime factors of (-2)/((-3)/a*n).
2, 5
Suppose 0*z - 4*z = -64. Let u be (2 - 60/z)*4. What are the prime factors of 10/(-35) + (-191)/u?
3
Let a(d) = 934*d + 14. List the prime factors of a(2).
2, 941
Let u = 5 + 384. What are the prime factors of u?
389
Let i(c) be the third derivative of c**4/3 + 31*c**3/6 + 10*c**2. What are the prime factors of i(9)?
103
Let i(t) be the first derivative of -t**4/4 - t**3/3 + 29*t + 1. Suppose 6*h - 4*h = -h. List the prime factors of i(h).
29
Let v = -1 + 229. What are the prime factors of v?
2, 3, 19
Suppose -41 = -2*z + 3. Let j = 8 + z. Let y = 53 - j. What are the prime factors of y?
23
Suppose 0*p = -p + 64. Let k = p - 4. List the prime factors of k.
2, 3, 5
What are the prime factors of 6/(-2 - 4)*-172?
2, 43
Let n = -1 - -2. Let v(x) = 4*x - 1. Let h be v(n). List the prime factors of 29*(0 - (-3)/h).
29
Let c(k) = 76*k**2 + 48*k + 69. List the prime factors of c(-7).
3457
Suppose -10*g + 7*g + 90 = 0. Suppose -2*y - g = -340. List the prime factors of y.
5, 31
Suppose -29*t - 15 = -32*t, 2*s = -4*t + 890. List the prime factors of s.
3, 5, 29
Let l = -2509 - -5530. What are the prime factors of l?
3, 19, 53
Let f(s) = -32*s - 3. Let l be f(-2). Suppose -44 = 5*d + 101. Let i = l + d. List the prime factors of i.
2
Suppose -3*l + 2725 = 2*l. Suppose 0 = -3*f + l + 211. What are the prime factors of f?
2, 3, 7
What are the prime factors of ((-2)/(-3) + (-15314)/57)/(-2)?
2, 67
What are the prime factors of ((-24)/9)/((-52)/78)?
2
Let o(j) = j**3 - 18*j**2 + 31*j + 18. Let u be o(16). Suppose -u*f + 422 = 2*p, 3 = -3*p - 0. List the prime factors of f.
2, 53
Let t(u) be the second derivative of -u**4/8 + 5*u**3/6 - 7*u**2/2 + 3*u. Let f(n) be the first derivative of t(n). List the prime factors of f(-4).
17
Let t(m) = 2*m**2 - 10*m + 9. Let x(j) = 3*j**2 - 19*j + 17. Let h(r) = -5*t(r) + 3*x(r). Let d = 73 - 79. What are the prime factors of h(d)?
2, 3
Suppose 0 = -3*h + 7*h - 1952. What are the prime factors of h?
2, 61
Suppose -8*w + 4 = -7*w. Suppose -2*t + 732 = w*s, -3*s + 3*t = -311 - 229. List the prime factors of s.
2, 7, 13
Suppose 3*l - p = 3*p - 12, p - 3 = 4*l. Let i = -9 + 11. Suppose i*j = 2*w + 126, l*w - 336 = -5*j - 2*w. What are the prime factors of j?
2, 3, 11
Suppose 2*a + 4*w = 2, -5*w = -2*a - 0*w + 11. Suppose 2*u - 185 = -m, -a*u = -5*m - 7*u + 943. List the prime factors of m.
191
Suppose -5*p = -v - 153, -144 = -3*p - 2*p - 2*v. Suppose -3*x - p - 20 = -4*s, 5*s + 3*x - 49 = 0. List the prime factors of s.
11
List the prime factors of (-1 - -64) + (-14)/((-126)/(-27)).
2, 3, 5
Suppose -n - 3*n + 472 = 0. Suppose 0 = -123*s + n*s + 840. List the prime factors of s.
2, 3, 7
Suppose -2*l + 252 = 5*w, -5*l - w + 312 = -272. Let s = l - 76. What are the prime factors of s?
2, 5
Suppose -28 = -7*s - 0. Suppose 0 = -4*b + 3*k + 64, -s*b = k - 29 - 19. List the prime factors of b.
13
Let d(v) = -v**3 - 3*v**2 + 10*v + 20. Let j be d(-8). Suppose -9*q + 14*q = j. What are the prime factors of q?
2, 13
Let m(o) = -3 + 0 + 15 + 2*o**2 - 9*o. List the prime factors of m(7).
47
Let n(p) = -p**3 - 15*p**2 - 14*p + 15. Let x be n(-14). Let b = x - -14. List the prime factors of b.
29
Let k = 283 - -1734. List the prime factors of k.
2017
Let b(j) be the first derivative of 2*j**3/3 - 7*j**2 + 32*j + 45. What are the prime factors of b(9)?
2, 17
Let t = -29 - -31. Suppose -t*k = -41 - 31. What are the prime factors of k?
2, 3
Suppose 288*n - 273*n - 29895 = 0. List the prime factors of n.
1993
Let m(c) = 2*c**3 + 5*c**2 - 2*c + 34. What are the prime factors of m(8)?
2, 3, 227
Let g = 31 + -31. What are the prime factors of 25 - (3 + -3 + g)?
5
Suppose -30 = -2*h - 82. Let k = 30 + h. Suppose 0 = q - 3*c - 44, -2*c = k*q - 4*c - 176. List the prime factors of q.
2, 11
Suppose -17 = w + 4*f, -w + 3*f + 0*f = -18. Suppose w*m - 4*y - 158 = m, -5*m + 370 = -5*y. What are the prime factors of m?
3, 23
Let z(d) = -426*d**3 - 2*d**2 - 2*d - 1. Let s be z(-1). Let b be s/10 + 1/(-2). Let x = 71 - b. List the prime factors of x.
29
Suppose 12*q - 9570 = -17*q. What are the prime factors of q?
2, 3, 5, 11
Let r(a) = -3*a + 5. Let y be r(0). Suppose u - 3*x = 2*u - 57, -227 = -3*u + y*x. List the prime factors of u.
3, 23
Suppose -4*z - 103 = 2*v - 4583, -2*v = 2*z - 2242. List the prime factors of z.
3, 373
Let h(r) = -4 - r**3 + 8*r + 26*r + 8*r**2 - 17*r. List the prime factors of h(9).
2, 17
Let m = -66 - 33. Let p = m - -175. What are the prime factors of p?
2, 19
Let m(l) = 42*l. Let g(j) = 86*j. Let s(f) = 2*g(f) - 5*m(f). Let y be (2/3)/(8/(-12)). What are the prime factors of s(y)?
2, 19
Suppose -8*m - 13*m = -26502. What are the prime factors of m?
2, 631
Suppose -8 - 3 = -4*y + n, 3*n = -y + 6. Suppose c = w - 23, 4 = -w - y*c + 7. What are the prime factors of w?
2, 3
Let n = 28 - 12. Let g be (-10 - -9)/((-2)/n). Suppose -3*a + 137 = g. List the prime factors of a.
43
Suppose -100545 = -21*i - 31518. What are the prime factors of i?
19, 173
Let t = 12 - 11. Suppose -k = -72 + t. List the prime factors of k.
71
Suppose -4*w + 36 = -w. Let r be (-16)/6*w/8. What are the prime factors of ((-154)/14)/(2/r)?
2, 11
Let o = -117 - -71. Suppose -36*l = -10*l - 2210. Let z 